{"id":131,"date":"2023-05-11T09:27:00","date_gmt":"2023-05-11T07:27:00","guid":{"rendered":"http:\/\/www.diarc.srt-urbs.unina.it\/?page_id=131"},"modified":"2024-10-07T10:48:09","modified_gmt":"2024-10-07T08:48:09","slug":"relazione-docenti-studenti","status":"publish","type":"page","link":"https:\/\/www.diarc.srt-urbs.unina.it\/index.php\/persone\/relazione-docenti-studenti\/","title":{"rendered":"Relazione docenti studenti"},"content":{"rendered":"\n<p><strong>CAFFE&#8217; DI SRT<\/strong><\/p>\n\n\n\n<p>Il Caff\u00e8 di SRT \u00e8 un momento di confronto informale e condivisione ispirato ai principi del dialogo, in cui discutere con gli studenti dei tre anni di corso elementi problematici e proposte migliorative che riguardino la vita del corso di studio.&nbsp;L\u2019incontro, gestito in maniera informale, pu\u00f2 prevedere la presenza di un facilitatore ed \u00e8 aperto da un piccolo buffet con semplici alimenti di conforto per rendere il clima pi\u00f9 accogliente. Viene, inoltre, resa disponibile una cassetta dei suggerimenti e dei reclami, in cui, in forma anonima, gli studenti possono segnalare il proprio punto di vista.<\/p>\n\n\n\n<p><\/p>\n\n\n\n<figure class=\"wp-block-gallery has-nested-images columns-default is-cropped wp-block-gallery-1 is-layout-flex wp-block-gallery-is-layout-flex\">\n<figure class=\"wp-block-image size-large\"><img fetchpriority=\"high\" decoding=\"async\" width=\"1024\" height=\"1024\" data-id=\"951\" src=\"https:\/\/www.diarc.srt-urbs.unina.it\/wp-content\/uploads\/2024\/09\/caffe-srt-1024x1024.jpg\" alt=\"\" class=\"wp-image-951\" srcset=\"https:\/\/www.diarc.srt-urbs.unina.it\/wp-content\/uploads\/2024\/09\/caffe-srt-1024x1024.jpg 1024w, https:\/\/www.diarc.srt-urbs.unina.it\/wp-content\/uploads\/2024\/09\/caffe-srt-300x300.jpg 300w, https:\/\/www.diarc.srt-urbs.unina.it\/wp-content\/uploads\/2024\/09\/caffe-srt-150x150.jpg 150w, https:\/\/www.diarc.srt-urbs.unina.it\/wp-content\/uploads\/2024\/09\/caffe-srt-768x768.jpg 768w, https:\/\/www.diarc.srt-urbs.unina.it\/wp-content\/uploads\/2024\/09\/caffe-srt.jpg 1200w\" sizes=\"(max-width: 1024px) 100vw, 1024px\" \/><\/figure>\n\n\n\n<figure class=\"wp-block-image size-full\"><img decoding=\"async\" width=\"595\" height=\"701\" data-id=\"625\" src=\"https:\/\/www.diarc.srt-urbs.unina.it\/wp-content\/uploads\/2023\/11\/CaffeSRTdicembre2023-1.jpeg\" alt=\"\" class=\"wp-image-625\" srcset=\"https:\/\/www.diarc.srt-urbs.unina.it\/wp-content\/uploads\/2023\/11\/CaffeSRTdicembre2023-1.jpeg 595w, https:\/\/www.diarc.srt-urbs.unina.it\/wp-content\/uploads\/2023\/11\/CaffeSRTdicembre2023-1-255x300.jpeg 255w\" sizes=\"(max-width: 595px) 100vw, 595px\" \/><\/figure>\n\n\n\n<figure class=\"wp-block-image size-large\"><img decoding=\"async\" width=\"1024\" height=\"1024\" data-id=\"463\" src=\"https:\/\/www.diarc.srt-urbs.unina.it\/wp-content\/uploads\/2023\/06\/srt_caffe_2-1024x1024.jpeg\" alt=\"\" class=\"wp-image-463\" srcset=\"https:\/\/www.diarc.srt-urbs.unina.it\/wp-content\/uploads\/2023\/06\/srt_caffe_2-1024x1024.jpeg 1024w, https:\/\/www.diarc.srt-urbs.unina.it\/wp-content\/uploads\/2023\/06\/srt_caffe_2-300x300.jpeg 300w, https:\/\/www.diarc.srt-urbs.unina.it\/wp-content\/uploads\/2023\/06\/srt_caffe_2-150x150.jpeg 150w, https:\/\/www.diarc.srt-urbs.unina.it\/wp-content\/uploads\/2023\/06\/srt_caffe_2-768x768.jpeg 768w, https:\/\/www.diarc.srt-urbs.unina.it\/wp-content\/uploads\/2023\/06\/srt_caffe_2.jpeg 1080w\" sizes=\"(max-width: 1024px) 100vw, 1024px\" \/><\/figure>\n<\/figure>\n\n\n\n<p><strong>COMMISSIONE PARITETICA DOCENTI STUDENTI<\/strong><\/p>\n\n\n\n<div class=\"wp-block-file\"><a id=\"wp-block-file--media-ae2cc37b-a58e-4881-aa52-54606b35723d\" href=\"https:\/\/www.diarc.srt-urbs.unina.it\/wp-content\/uploads\/2023\/06\/CPDS_DIARC_RELAZIONE_2021.pdf\"><a href=\"http:\/\/127.0.0.1\/srt\/images\/CPDS_DIARC_RELAZIONE_2021.pdf\">Relazione della Commissione paritetica docenti-studenti<\/a>\u00a02021\u00a0<\/a><a href=\"https:\/\/www.diarc.srt-urbs.unina.it\/wp-content\/uploads\/2023\/06\/CPDS_DIARC_RELAZIONE_2021.pdf\" class=\"wp-block-file__button wp-element-button\" download aria-describedby=\"wp-block-file--media-ae2cc37b-a58e-4881-aa52-54606b35723d\">Download<\/a><\/div>\n\n\n\n<div class=\"wp-block-file\"><a id=\"wp-block-file--media-70bc5334-4245-4943-9b95-fe25b6b48ab9\" href=\"https:\/\/www.diarc.srt-urbs.unina.it\/wp-content\/uploads\/2024\/10\/12-09-2024-VERBALE-COMMISSIONE-PARITETICA.pdf\">12-09-2024 VERBALE COMMISSIONE PARITETICA<\/a><a href=\"https:\/\/www.diarc.srt-urbs.unina.it\/wp-content\/uploads\/2024\/10\/12-09-2024-VERBALE-COMMISSIONE-PARITETICA.pdf\" class=\"wp-block-file__button wp-element-button\" download aria-describedby=\"wp-block-file--media-70bc5334-4245-4943-9b95-fe25b6b48ab9\">Download<\/a><\/div>\n\n\n\n<p><\/p>\n","protected":false},"excerpt":{"rendered":"<p>CAFFE&#8217; DI SRT Il Caff\u00e8 di SRT \u00e8 un momento di confronto informale e condivisione ispirato ai principi del dialogo, in cui discutere con gli studenti dei tre anni di corso elementi problematici e proposte migliorative che riguardino la vita del corso di studio.&nbsp;L\u2019incontro, gestito in maniera informale, pu\u00f2 prevedere la presenza di un facilitatore [&hellip;]<\/p>\n","protected":false},"author":1,"featured_media":0,"parent":119,"menu_order":0,"comment_status":"closed","ping_status":"closed","template":"","meta":{"footnotes":""},"class_list":["post-131","page","type-page","status-publish","hentry"],"yoast_head":"<!-- This site is optimized with the Yoast SEO plugin v26.2 - https:\/\/yoast.com\/wordpress\/plugins\/seo\/ -->\n<title>Relazione docenti studenti - UrbS - Urbanistica Sostenibile \/ SRT - Sviluppo sostenibile e Reti Territoriali<\/title>\n<meta name=\"robots\" content=\"index, follow, max-snippet:-1, max-image-preview:large, max-video-preview:-1\" \/>\n<link rel=\"canonical\" href=\"https:\/\/www.diarc.srt-urbs.unina.it\/index.php\/persone\/relazione-docenti-studenti\/\" \/>\n<meta property=\"og:locale\" content=\"it_IT\" \/>\n<meta property=\"og:type\" content=\"article\" \/>\n<meta property=\"og:title\" content=\"Relazione docenti studenti - UrbS - Urbanistica Sostenibile \/ SRT - Sviluppo sostenibile e Reti Territoriali\" \/>\n<meta property=\"og:description\" content=\"CAFFE&#8217; DI SRT Il Caff\u00e8 di SRT \u00e8 un momento di confronto informale e condivisione ispirato ai principi del dialogo, in cui discutere con gli studenti dei tre anni di corso elementi problematici e proposte migliorative che riguardino la vita del corso di studio.&nbsp;L\u2019incontro, gestito in maniera informale, pu\u00f2 prevedere la presenza di un facilitatore [&hellip;]\" \/>\n<meta property=\"og:url\" content=\"https:\/\/www.diarc.srt-urbs.unina.it\/index.php\/persone\/relazione-docenti-studenti\/\" \/>\n<meta property=\"og:site_name\" content=\"UrbS - Urbanistica Sostenibile \/ SRT - Sviluppo sostenibile e Reti Territoriali\" \/>\n<meta property=\"article:modified_time\" content=\"2024-10-07T08:48:09+00:00\" \/>\n<meta property=\"og:image\" content=\"https:\/\/www.diarc.srt-urbs.unina.it\/wp-content\/uploads\/2024\/09\/caffe-srt.jpg\" \/>\n\t<meta property=\"og:image:width\" content=\"1200\" \/>\n\t<meta property=\"og:image:height\" content=\"1200\" \/>\n\t<meta property=\"og:image:type\" content=\"image\/jpeg\" \/>\n<meta name=\"twitter:card\" content=\"summary_large_image\" \/>\n<meta name=\"twitter:label1\" content=\"Tempo di lettura stimato\" \/>\n\t<meta name=\"twitter:data1\" content=\"1 minuto\" \/>\n<script type=\"application\/ld+json\" class=\"yoast-schema-graph\">{\"@context\":\"https:\/\/schema.org\",\"@graph\":[{\"@type\":\"WebPage\",\"@id\":\"https:\/\/www.diarc.srt-urbs.unina.it\/index.php\/persone\/relazione-docenti-studenti\/\",\"url\":\"https:\/\/www.diarc.srt-urbs.unina.it\/index.php\/persone\/relazione-docenti-studenti\/\",\"name\":\"Relazione docenti studenti - UrbS - Urbanistica Sostenibile \/ SRT - Sviluppo sostenibile e Reti Territoriali\",\"isPartOf\":{\"@id\":\"https:\/\/www.diarc.srt-urbs.unina.it\/#website\"},\"primaryImageOfPage\":{\"@id\":\"https:\/\/www.diarc.srt-urbs.unina.it\/index.php\/persone\/relazione-docenti-studenti\/#primaryimage\"},\"image\":{\"@id\":\"https:\/\/www.diarc.srt-urbs.unina.it\/index.php\/persone\/relazione-docenti-studenti\/#primaryimage\"},\"thumbnailUrl\":\"https:\/\/www.diarc.srt-urbs.unina.it\/wp-content\/uploads\/2024\/09\/caffe-srt-1024x1024.jpg\",\"datePublished\":\"2023-05-11T07:27:00+00:00\",\"dateModified\":\"2024-10-07T08:48:09+00:00\",\"breadcrumb\":{\"@id\":\"https:\/\/www.diarc.srt-urbs.unina.it\/index.php\/persone\/relazione-docenti-studenti\/#breadcrumb\"},\"inLanguage\":\"it-IT\",\"potentialAction\":[{\"@type\":\"ReadAction\",\"target\":[\"https:\/\/www.diarc.srt-urbs.unina.it\/index.php\/persone\/relazione-docenti-studenti\/\"]}]},{\"@type\":\"ImageObject\",\"inLanguage\":\"it-IT\",\"@id\":\"https:\/\/www.diarc.srt-urbs.unina.it\/index.php\/persone\/relazione-docenti-studenti\/#primaryimage\",\"url\":\"https:\/\/www.diarc.srt-urbs.unina.it\/wp-content\/uploads\/2024\/09\/caffe-srt.jpg\",\"contentUrl\":\"https:\/\/www.diarc.srt-urbs.unina.it\/wp-content\/uploads\/2024\/09\/caffe-srt.jpg\",\"width\":1200,\"height\":1200},{\"@type\":\"BreadcrumbList\",\"@id\":\"https:\/\/www.diarc.srt-urbs.unina.it\/index.php\/persone\/relazione-docenti-studenti\/#breadcrumb\",\"itemListElement\":[{\"@type\":\"ListItem\",\"position\":1,\"name\":\"Home\",\"item\":\"https:\/\/www.diarc.srt-urbs.unina.it\/\"},{\"@type\":\"ListItem\",\"position\":2,\"name\":\"Persone\",\"item\":\"https:\/\/www.diarc.srt-urbs.unina.it\/index.php\/persone\/\"},{\"@type\":\"ListItem\",\"position\":3,\"name\":\"Relazione docenti studenti\"}]},{\"@type\":\"WebSite\",\"@id\":\"https:\/\/www.diarc.srt-urbs.unina.it\/#website\",\"url\":\"https:\/\/www.diarc.srt-urbs.unina.it\/\",\"name\":\"UrbS - Urbanistica Sostenibile \/ SRT - Sviluppo sostenibile e Reti Territoriali\",\"description\":\"wanna be part of the solution?\",\"publisher\":{\"@id\":\"https:\/\/www.diarc.srt-urbs.unina.it\/#organization\"},\"potentialAction\":[{\"@type\":\"SearchAction\",\"target\":{\"@type\":\"EntryPoint\",\"urlTemplate\":\"https:\/\/www.diarc.srt-urbs.unina.it\/?s={search_term_string}\"},\"query-input\":{\"@type\":\"PropertyValueSpecification\",\"valueRequired\":true,\"valueName\":\"search_term_string\"}}],\"inLanguage\":\"it-IT\"},{\"@type\":\"Organization\",\"@id\":\"https:\/\/www.diarc.srt-urbs.unina.it\/#organization\",\"name\":\"UrbS - Urbanistica Sostenibile \/ SRT - Sviluppo sostenibile e Reti Territoriali\",\"url\":\"https:\/\/www.diarc.srt-urbs.unina.it\/\",\"logo\":{\"@type\":\"ImageObject\",\"inLanguage\":\"it-IT\",\"@id\":\"https:\/\/www.diarc.srt-urbs.unina.it\/#\/schema\/logo\/image\/\",\"url\":\"https:\/\/www.diarc.srt-urbs.unina.it\/wp-content\/uploads\/2023\/05\/2020_05_01_logo_srt.png\",\"contentUrl\":\"https:\/\/www.diarc.srt-urbs.unina.it\/wp-content\/uploads\/2023\/05\/2020_05_01_logo_srt.png\",\"width\":5216,\"height\":546,\"caption\":\"UrbS - Urbanistica Sostenibile \/ SRT - Sviluppo sostenibile e Reti Territoriali\"},\"image\":{\"@id\":\"https:\/\/www.diarc.srt-urbs.unina.it\/#\/schema\/logo\/image\/\"}}]}<\/script>\n<!-- \/ Yoast SEO plugin. -->","yoast_head_json":{"title":"Relazione docenti studenti - UrbS - Urbanistica Sostenibile \/ SRT - Sviluppo sostenibile e Reti Territoriali","robots":{"index":"index","follow":"follow","max-snippet":"max-snippet:-1","max-image-preview":"max-image-preview:large","max-video-preview":"max-video-preview:-1"},"canonical":"https:\/\/www.diarc.srt-urbs.unina.it\/index.php\/persone\/relazione-docenti-studenti\/","og_locale":"it_IT","og_type":"article","og_title":"Relazione docenti studenti - UrbS - Urbanistica Sostenibile \/ SRT - Sviluppo sostenibile e Reti Territoriali","og_description":"CAFFE&#8217; DI SRT Il Caff\u00e8 di SRT \u00e8 un momento di confronto informale e condivisione ispirato ai principi del dialogo, in cui discutere con gli studenti dei tre anni di corso elementi problematici e proposte migliorative che riguardino la vita del corso di studio.&nbsp;L\u2019incontro, gestito in maniera informale, pu\u00f2 prevedere la presenza di un facilitatore [&hellip;]","og_url":"https:\/\/www.diarc.srt-urbs.unina.it\/index.php\/persone\/relazione-docenti-studenti\/","og_site_name":"UrbS - Urbanistica Sostenibile \/ SRT - Sviluppo sostenibile e Reti Territoriali","article_modified_time":"2024-10-07T08:48:09+00:00","og_image":[{"width":1200,"height":1200,"url":"https:\/\/www.diarc.srt-urbs.unina.it\/wp-content\/uploads\/2024\/09\/caffe-srt.jpg","type":"image\/jpeg"}],"twitter_card":"summary_large_image","twitter_misc":{"Tempo di lettura stimato":"1 minuto"},"schema":{"@context":"https:\/\/schema.org","@graph":[{"@type":"WebPage","@id":"https:\/\/www.diarc.srt-urbs.unina.it\/index.php\/persone\/relazione-docenti-studenti\/","url":"https:\/\/www.diarc.srt-urbs.unina.it\/index.php\/persone\/relazione-docenti-studenti\/","name":"Relazione docenti studenti - UrbS - Urbanistica Sostenibile \/ SRT - Sviluppo sostenibile e Reti Territoriali","isPartOf":{"@id":"https:\/\/www.diarc.srt-urbs.unina.it\/#website"},"primaryImageOfPage":{"@id":"https:\/\/www.diarc.srt-urbs.unina.it\/index.php\/persone\/relazione-docenti-studenti\/#primaryimage"},"image":{"@id":"https:\/\/www.diarc.srt-urbs.unina.it\/index.php\/persone\/relazione-docenti-studenti\/#primaryimage"},"thumbnailUrl":"https:\/\/www.diarc.srt-urbs.unina.it\/wp-content\/uploads\/2024\/09\/caffe-srt-1024x1024.jpg","datePublished":"2023-05-11T07:27:00+00:00","dateModified":"2024-10-07T08:48:09+00:00","breadcrumb":{"@id":"https:\/\/www.diarc.srt-urbs.unina.it\/index.php\/persone\/relazione-docenti-studenti\/#breadcrumb"},"inLanguage":"it-IT","potentialAction":[{"@type":"ReadAction","target":["https:\/\/www.diarc.srt-urbs.unina.it\/index.php\/persone\/relazione-docenti-studenti\/"]}]},{"@type":"ImageObject","inLanguage":"it-IT","@id":"https:\/\/www.diarc.srt-urbs.unina.it\/index.php\/persone\/relazione-docenti-studenti\/#primaryimage","url":"https:\/\/www.diarc.srt-urbs.unina.it\/wp-content\/uploads\/2024\/09\/caffe-srt.jpg","contentUrl":"https:\/\/www.diarc.srt-urbs.unina.it\/wp-content\/uploads\/2024\/09\/caffe-srt.jpg","width":1200,"height":1200},{"@type":"BreadcrumbList","@id":"https:\/\/www.diarc.srt-urbs.unina.it\/index.php\/persone\/relazione-docenti-studenti\/#breadcrumb","itemListElement":[{"@type":"ListItem","position":1,"name":"Home","item":"https:\/\/www.diarc.srt-urbs.unina.it\/"},{"@type":"ListItem","position":2,"name":"Persone","item":"https:\/\/www.diarc.srt-urbs.unina.it\/index.php\/persone\/"},{"@type":"ListItem","position":3,"name":"Relazione docenti studenti"}]},{"@type":"WebSite","@id":"https:\/\/www.diarc.srt-urbs.unina.it\/#website","url":"https:\/\/www.diarc.srt-urbs.unina.it\/","name":"UrbS - Urbanistica Sostenibile \/ SRT - Sviluppo sostenibile e Reti Territoriali","description":"wanna be part of the solution?","publisher":{"@id":"https:\/\/www.diarc.srt-urbs.unina.it\/#organization"},"potentialAction":[{"@type":"SearchAction","target":{"@type":"EntryPoint","urlTemplate":"https:\/\/www.diarc.srt-urbs.unina.it\/?s={search_term_string}"},"query-input":{"@type":"PropertyValueSpecification","valueRequired":true,"valueName":"search_term_string"}}],"inLanguage":"it-IT"},{"@type":"Organization","@id":"https:\/\/www.diarc.srt-urbs.unina.it\/#organization","name":"UrbS - Urbanistica Sostenibile \/ SRT - Sviluppo sostenibile e Reti Territoriali","url":"https:\/\/www.diarc.srt-urbs.unina.it\/","logo":{"@type":"ImageObject","inLanguage":"it-IT","@id":"https:\/\/www.diarc.srt-urbs.unina.it\/#\/schema\/logo\/image\/","url":"https:\/\/www.diarc.srt-urbs.unina.it\/wp-content\/uploads\/2023\/05\/2020_05_01_logo_srt.png","contentUrl":"https:\/\/www.diarc.srt-urbs.unina.it\/wp-content\/uploads\/2023\/05\/2020_05_01_logo_srt.png","width":5216,"height":546,"caption":"UrbS - Urbanistica Sostenibile \/ SRT - Sviluppo sostenibile e Reti Territoriali"},"image":{"@id":"https:\/\/www.diarc.srt-urbs.unina.it\/#\/schema\/logo\/image\/"}}]}},"_links":{"self":[{"href":"https:\/\/www.diarc.srt-urbs.unina.it\/index.php\/wp-json\/wp\/v2\/pages\/131","targetHints":{"allow":["GET"]}}],"collection":[{"href":"https:\/\/www.diarc.srt-urbs.unina.it\/index.php\/wp-json\/wp\/v2\/pages"}],"about":[{"href":"https:\/\/www.diarc.srt-urbs.unina.it\/index.php\/wp-json\/wp\/v2\/types\/page"}],"author":[{"embeddable":true,"href":"https:\/\/www.diarc.srt-urbs.unina.it\/index.php\/wp-json\/wp\/v2\/users\/1"}],"replies":[{"embeddable":true,"href":"https:\/\/www.diarc.srt-urbs.unina.it\/index.php\/wp-json\/wp\/v2\/comments?post=131"}],"version-history":[{"count":6,"href":"https:\/\/www.diarc.srt-urbs.unina.it\/index.php\/wp-json\/wp\/v2\/pages\/131\/revisions"}],"predecessor-version":[{"id":970,"href":"https:\/\/www.diarc.srt-urbs.unina.it\/index.php\/wp-json\/wp\/v2\/pages\/131\/revisions\/970"}],"up":[{"embeddable":true,"href":"https:\/\/www.diarc.srt-urbs.unina.it\/index.php\/wp-json\/wp\/v2\/pages\/119"}],"wp:attachment":[{"href":"https:\/\/www.diarc.srt-urbs.unina.it\/index.php\/wp-json\/wp\/v2\/media?parent=131"}],"curies":[{"name":"wp","href":"https:\/\/api.w.org\/{rel}","templated":true}]}}